n 2169 is divided by 17?
10
Calculate the remainder when 84 is divided by 5.
4
Calculate the remainder when 317 is divided by 32.
29
Calculate the remainder when 14704 is divided by 5.
4
Calculate the remainder when 415 is divided by 30.
25
What is the remainder when 599 is divided by 50?
49
What is the remainder when 170 is divided by 30?
20
What is the remainder when 3241 is divided by 216?
1
What is the remainder when 406 is divided by 11?
10
What is the remainder when 131 is divided by 22?
21
What is the remainder when 951 is divided by 30?
21
What is the remainder when 431 is divided by 108?
107
Calculate the remainder when 180 is divided by 108.
72
What is the remainder when 1146 is divided by 41?
39
Calculate the remainder when 287 is divided by 18.
17
What is the remainder when 541 is divided by 39?
34
Calculate the remainder when 309 is divided by 52.
49
Calculate the remainder when 13 is divided by 5.
3
Calculate the remainder when 95 is divided by 6.
5
What is the remainder when 2636 is divided by 37?
9
What is the remainder when 725 is divided by 11?
10
What is the remainder when 134 is divided by 76?
58
Calculate the remainder when 106 is divided by 27.
25
Calculate the remainder when 862 is divided by 96.
94
Calculate the remainder when 153 is divided by 46.
15
Calculate the remainder when 247 is divided by 27.
4
Calculate the remainder when 100 is divided by 36.
28
What is the remainder when 473 is divided by 95?
93
What is the remainder when 1051 is divided by 31?
28
Calculate the remainder when 431 is divided by 113.
92
Calculate the remainder when 10796 is divided by 40.
36
What is the remainder when 438 is divided by 44?
42
Calculate the remainder when 1044 is divided by 95.
94
What is the remainder when 249 is divided by 28?
25
What is the remainder when 67 is divided by 41?
26
Calculate the remainder when 22 is divided by 6.
4
What is the remainder when 1493 is divided by 11?
8
Calculate the remainder when 69 is divided by 12.
9
Calculate the remainder when 421 is divided by 3.
1
What is the remainder when 445 is divided by 15?
10
What is the remainder when 296 is divided by 11?
10
Calculate the remainder when 573 is divided by 52.
1
What is the remainder when 605 is divided by 576?
29
What is the remainder when 85 is divided by 77?
8
What is the remainder when 6074 is divided by 80?
74
What is the remainder when 1380 is divided by 104?
28
Calculate the remainder when 85 is divided by 75.
10
What is the remainder when 43 is divided by 36?
7
Calculate the remainder when 915 is divided by 99.
24
Calculate the remainder when 13884 is divided by 124.
120
What is the remainder when 106 is divided by 33?
7
What is the remainder when 1126 is divided by 94?
92
Calculate the remainder when 1041 is divided by 87.
84
What is the remainder when 943 is divided by 158?
153
What is the remainder when 652 is divided by 310?
32
What is the remainder when 396 is divided by 104?
84
What is the remainder when 244 is divided by 84?
76
What is the remainder when 195 is divided by 26?
13
Calculate the remainder when 3662 is divided by 47.
43
What is the remainder when 1068 is divided by 67?
63
Calculate the remainder when 94 is divided by 10.
4
Calculate the remainder when 362 is divided by 73.
70
Calculate the remainder when 23 is divided by 23.
0
Calculate the remainder when 14299 is divided by 13.
12
Calculate the remainder when 22 is divided by 10.
2
What is the remainder when 532 is divided by 41?
40
What is the remainder when 1178 is divided by 586?
6
Calculate the remainder when 4009 is divided by 82.
73
What is the remainder when 1609 is divided by 179?
177
What is the remainder when 181 is divided by 17?
11
What is the remainder when 2746 is divided by 55?
51
Calculate the remainder when 395 is divided by 63.
17
Calculate the remainder when 107 is divided by 14.
9
What is the remainder when 279 is divided by 28?
27
Calculate the remainder when 23054 is divided by 22.
20
What is the remainder when 1355 is divided by 431?
62
What is the remainder when 567 is divided by 19?
16
Calculate the remainder when 297 is divided by 26.
11
What is the remainder when 140 is divided by 39?
23
Calculate the remainder when 247 is divided by 9.
4
What is the remainder when 9518 is divided by 57?
56
What is the remainder when 8029 is divided by 19?
11
Calculate the remainder when 415 is divided by 45.
10
Calculate the remainder when 231 is divided by 5.
1
Calculate the remainder when 86 is divided by 33.
20
Calculate the remainder when 151 is divided by 145.
6
What is the remainder when 255 is divided by 130?
125
What is the remainder when 783 is divided by 43?
9
Calculate the remainder when 15113 is divided by 33.
32
What is the remainder when 1605 is divided by 12?
9
Calculate the remainder when 150 is divided by 17.
14
Calculate the remainder when 789 is divided by 786.
3
Calculate the remainder when 65 is divided by 23.
19
Calculate the remainder when 647 is divided by 22.
9
Calculate the remainder when 35 is divided by 12.
11
Calculate the remainder when 2539 is divided by 32.
11
What is the remainder when 196 is divided by 92?
12
Calculate the remainder when 3531 is divided by 3524.
7
What is the remainder when 2527 is divided by 408?
79
What is the remainder when 449 is divided by 65?
59
What is the remainder when 2310 is divided by 20?
10
Calculate the remainder when 155 is divided by 78.
77
Calculate the remainder when 36 is divided by 14.
8
What is the remainder when 215 is divided by 47?
27
Calculate the remainder when 543 is divided by 26.
23
What is the remainder when 26107 is divided by 107?
106
What is the remainder when 2206 is divided by 735?
1
Calculate the remainder when 118 is divided by 107.
11
What is the remainder when 4228 is divided by 3?
1
What is the remainder when 10786 is divided by 7?
6
What is the remainder when 717 is divided by 118?
9
Calculate the remainder when 1936 is divided by 178.
156
What is the remainder when 228 is divided by 209?
19
What is the remainder when 66 is divided by 59?
7
Calculate the remainder when 3527 is divided by 63.
62
Calculate the remainder when 66 is divided by 27.
12
What is the remainder when 6731 is divided by 187?
186
What is the remainder when 700 is divided by 198?
106
Calculate the remainder when 16811 is divided by 9.
8
Calculate the remainder when 256 is divided by 6.
4
Calculate the remainder when 1664 is divided by 45.
44
Calculate the remainder when 204 is divided by 35.
29
What is the remainder when 330 is divided by 295?
35
What is the remainder when 748 is divided by 20?
8
Calculate the remainder when 337 is divided by 10.
7
What is the remainder when 7868 is divided by 254?
248
What is the remainder when 768 is divided by 109?
5
What is the remainder when 88 is divided by 12?
4
What is the remainder when 327 is divided by 107?
6
What is the remainder when 3817 is divided by 174?
163
What is the remainder when 852 is divided by 250?
102
What is the remainder when 153 is divided by 6?
3
Calculate the remainder when 236 is divided by 60.
56
Calculate the remainder when 962 is divided by 28.
10
Calculate the remainder when 27 is divided by 22.
5
Calculate the remainder when 91 is divided by 33.
25
Calculate the remainder when 21 is divided by 12.
9
Calculate the remainder when 671 is divided by 223.
2
What is the remainder when 168 is divided by 37?
20
What is the remainder when 601 is divided by 12?
1
Calculate the remainder when 7612 is divided by 47.
45
What is the remainder when 7403 is divided by 7?
4
What is the remainder when 517 is divided by 154?
55
Calculate the remainder when 757 is divided by 33.
31
What is the remainder when 42 is divided by 34?
8
What is the remainder when 127 is divided by 32?
31
Calculate the remainder when 1628 is divided by 8.
4
What is the remainder when 607 is divided by 32?
31
Calculate the remainder when 87 is divided by 4.
3
Calculate the remainder when 464 is divided by 95.
84
Calculate the remainder when 359 is divided by 24.
23
What is the remainder when 1075 is divided by 19?
11
What is the remainder when 44 is divided by 10?
4
Calculate the remainder when 1293 is divided by 42.
33
Calculate the remainder when 66 is divided by 3.
0
W